) = -v**2 + v - 4. Let m(a) = j(a) + q(a). Let z(h) = -2*h**2 + h - 6. Let o(s) = -9*m(s) + 4*z(s). What are the prime factors of o(5)?
3
Suppose 2*y = 3*y - 2*n - 70, y + 5*n = 35. Suppose 3*w + y = 5*w. Suppose d = -2*d + w. List the prime factors of d.
2, 5
Let z(j) = 3*j**2 + 2. Let h be z(3). Suppose 4*y + h = 73. What are the prime factors of y?
11
Let m(t) = t + 1. Let n be m(-2). Let s = n - -5. Suppose 0 = 3*j - 2*a - 56 + 24, j + 3*a + s = 0. List the prime factors of j.
2
Suppose 9 = 3*x - 5*n, -4*x + n = -n - 12. Suppose 4*v - 48 = 5*m, 2*v - 18 = 2*m - m. What are the prime factors of v + x + -3 + -2?
5
Suppose 3*y + 0*b - 65 = b, -5*b + 15 = 2*y. Let h = 2 + y. What are the prime factors of h?
2, 11
Suppose 3*a - 20 = -4*c, -3*a + 11 = c - 3. List the prime factors of c.
2
Suppose 615 = 3*p - 2*f, 4*p - 3*f = p + 612. List the prime factors of p.
3, 23
Suppose -z + 27 = 2*z. Let g = z - 3. Suppose -2*j + 5*x + 5 = -0*j, j + x = g. List the prime factors of j.
5
Let a = 12 + -8. Suppose -18 = a*r - 94. List the prime factors of r.
19
Suppose 5*c - 2*r = -0*r + 246, 4*r - 8 = 0. List the prime factors of c.
2, 5
Suppose 0 = -3*n - 4*j + 172, 2*n - 111 = -4*j + 1. What are the prime factors of n?
2, 3, 5
Let r(t) = t**3 - 3*t**2 + t + 3. Let d be r(3). Suppose -5*v = -4 - d. Suppose 5*u = -5*o + 40, -o = v*u - 4*u - 8. What are the prime factors of o?
2
Suppose -4*s + 214 = 3*b - 0*b, -5*s + 5*b + 285 = 0. Let l = -20 + s. What are the prime factors of l?
5, 7
Let g = 74 + 61. Let a = g + -94. What are the prime factors of a?
41
Suppose -u - 4*r = 8, -5*u + 5*r = r - 56. What are the prime factors of u?
2
Suppose -5*v + 0*v = 5*f - 695, v - 1 = 0. What are the prime factors of f?
2, 3, 23
Let a(d) = 3*d**2 + d + 38. List the prime factors of a(7).
2, 3
Let q(i) = 2*i**2 + 13*i. Let y(l) = 5*l**2 + 27*l - 1. Let x(v) = 7*q(v) - 3*y(v). Let n be x(7). Suppose b - n = -b. List the prime factors of b.
2, 3
Let z(i) = -5*i. What are the prime factors of z(-13)?
5, 13
Suppose -2*x - 2*n - 4 = 0, -1 = 4*n - 3*n. Let s be (4/(1/x))/(-2). Let p = s + 1. What are the prime factors of p?
3
Suppose 0 = 3*i + 4*i - 1043. What are the prime factors of i?
149
Suppose 0 = -f + 3*l - 17, -4*l + 3*l = 2*f + 6. Let p(v) be the second derivative of -v**3/6 + 5*v**2/2 + 6*v. List the prime factors of p(f).
2, 5
Let u(p) = p**3 + 12*p**2 + 17*p + 3. What are the prime factors of u(-10)?
3, 11
Let a be -2 - 0 - 3 - 1. Let u = a - -10. Suppose -u*v + 5 = -11. What are the prime factors of v?
2
Let p = 6 + -15. Let d(z) = z + 22. Let o be d(p). Suppose n - o = -3. What are the prime factors of n?
2, 5
Suppose -4 = -4*t, -4*t = -3*b + 22 + 19. Let g be (-8)/(1 - (-9)/(-3)). Suppose 51 - b = g*q. What are the prime factors of q?
3
Let t = 28 + 19. Let o = t + -34. What are the prime factors of o?
13
Let r be (-4)/(0 - 2 - -1). Suppose 0 = r*l - u - 10, 0*l - 5*u = 3*l - 19. List the prime factors of l.
3
Suppose 5*h - 12 = h. Let r(w) = 1 + 1 + h - 3 - w. What are the prime factors of r(-7)?
3
Let t be 4/22 - (-2)/(-11). List the prime factors of (7 - 1) + (t - 0).
2, 3
Let s(z) = z. Let b be s(4). Suppose -4*n + w = b*w + 59, -3*n - 4*w - 53 = 0. List the prime factors of n*(-3 - 2*-1).
11
Let s(n) = -12*n**2 + 2*n + 1. Let a be s(-1). Let h = a + 31. What are the prime factors of h?
2, 3
Let h(a) = 4*a + 3*a + 12 - 6*a - 2*a. Let c be h(11). Let w = c + 4. What are the prime factors of w?
5
Suppose -r - 5*l + 16 = -114, -3*r = -2*l - 356. List the prime factors of r.
2, 3, 5
Let y(t) be the first derivative of t**3/3 - 2*t**2 + t - 1. Let l be y(5). Let i = l + -4. What are the prime factors of i?
2
Suppose 0 = 4*l - 6*l + 136. List the prime factors of l.
2, 17
Suppose -278 = 4*p - 2*z, -z + 183 = -3*p - 26. Let q = p + 103. Suppose 0*s - 3*s = -q. List the prime factors of s.
11
Let t = 287 - 118. List the prime factors of t.
13
Let k be (1 + 83 - 0) + 2. Suppose 4*s + 41 + 17 = 2*y, k = 2*y + 3*s. What are the prime factors of y?
37
Let s = 288 + -104. List the prime factors of s.
2, 23
Suppose 0 = 2*q + i - 65 - 22, 5*i + 195 = 5*q. List the prime factors of q.
2, 3, 7
Suppose 0 = -4*l + 2*u - 12, 4*l + 17 + 7 = -4*u. Let n = 7 + l. Suppose -6 = j - n*j. What are the prime factors of j?
3
Suppose -2*v + 9 = -3. Suppose -v*s = -4*s + 3*u - 83, 4*s + 4*u - 156 = 0. List the prime factors of s.
2, 17
Let l = -19 - -4. Let y = 30 + l. List the prime factors of y.
3, 5
Let w be 0*-1*2/2. Let g = 7 + -6. What are the prime factors of 5 + -3 + w + g?
3
Let u(f) = -3*f**2 + 19*f + 7. List the prime factors of u(6).
13
Let d = 80 + -29. Suppose 3*t - 12 = 3, -b + 10 = 2*t. Suppose 2*u = 7*u - o - d, 5*u - 5*o - 55 = b. What are the prime factors of u?
2, 5
Let p(q) = q**2 - 2*q + 2. Let c be p(3). Let x(a) = c*a**2 - 5*a + 4*a + a**3 - 4*a**2 + 10. What are the prime factors of x(0)?
2, 5
Let g(h) = 4*h - 40. What are the prime factors of g(16)?
2, 3
Let r be 3 - -4 - (3 + -1). Suppose 109 = r*g - 46. Suppose 4*a - 83 = -g. What are the prime factors of a?
13
Let r(b) = b**2 - b. Let k be r(1). Suppose k = -x + 62 - 23. What are the prime factors of x?
3, 13
Let q be (144/(-30))/(2/(-10)). Let g = q - 16. List the prime factors of g.
2
Suppose -4*g - g + 85 = 0. What are the prime factors of g?
17
Let b be (-10)/(-35) - 10/(-14). Let l = 4 - b. Suppose -f + 12 = -3*q, -8*q + 3*q + 22 = l*f. What are the prime factors of f?
3
Let x = 90 + -63. List the prime factors of x.
3
Let u be (-18)/(-4) - (-3)/6. Suppose 0 = -3*i + 6, 0*v - u*i + 4 = -2*v. Suppose -v*a + 5 = -4. What are the prime factors of a?
3
Let j(p) be the third derivative of p**7/1680 - p**6/90 + p**5/30 + p**2. Let g(c) be the third derivative of j(c). List the prime factors of g(6).
2, 5
Let z(h) be the first derivative of h**4/4 - 3*h**3 + 4*h**2 + 1. Let p be z(8). Let q = p + 9. What are the prime factors of q?
3
List the prime factors of 1/(-4) + 2210/8.
2, 3, 23
Suppose m + 5 = -10. What are the prime factors of 10/m + (-100)/(-6)?
2
Suppose -3*m = -8*m - 5*i + 1560, 2*i = -3*m + 937. List the prime factors of m.
313
Suppose 0 = -3*s - s + 4. Suppose m = 9 - s. What are the prime factors of m?
2
Suppose -151 = -t - 2*c, -t - 2*c - c = -152. What are the prime factors of t?
149
Let m = 135 - 69. What are the prime factors of m?
2, 3, 11
Suppose -4*h + 27 = 5*n, -3 + 9 = -h + 3*n. Suppose 0 = -2*y + 6, y = -3*d - h*y + 54. What are the prime factors of d?
2, 7
Suppose -16 = 3*q + q. What are the prime factors of 2*6/q*-4?
2, 3
Suppose 0 = 2*z - 5*o - 11, 4*o = -2*z + 3*z - 1. Suppose -2*n + z = l - 8, 0 = 4*l + 20. List the prime factors of n.
13
Suppose 212 = 3*l - 5*y, -l + 0*l + 4*y + 66 = 0. List the prime factors of l.
2, 37
Let u = 18 + 6. What are the prime factors of u?
2, 3
Let p(m) = -3*m + 41. List the prime factors of p(-14).
83
Let d(y) = -y**3 + 9*y**2 + 9*y + 4. Let k be d(10). Let b be (k - (-2 - 1))*-1. Suppose 4 + 2 = b*s. List the prime factors of s.
2
Let m be (-14)/(-4)*-2 - -2. Let s = -3 - m. Suppose -s*z + 1 + 1 = -4*l, 4*z = 20. List the prime factors of l.
2
Suppose -4*i - i + 20 = 0. What are the prime factors of (3 - -18) + -1 + i?
2, 3
Suppose -2*v - 7 = -25. List the prime factors of v.
3
Suppose -76 + 8 = -4*y - 4*c, -y + 11 = -2*c. What are the prime factors of (-1 + 0)/(-1)*y?
3, 5
Suppose -3*i + 48 = 5*k, 2*i - 16 = -k + 3*i. List the prime factors of ((-20)/(-6))/(k/18).
5
Let a be ((-1)/2)/(5/(-70)). Suppose 3*t - a = 2*t. What are the prime factors of t?
7
Let i = -39 + 69. What are the prime factors of i?
2, 3, 5
Suppose -4*r = -0*r - 16. Suppose -7 - 9 = -r*q. List the prime factors of q.
2
Suppose 6*j - 4*j = 420. Suppose -j = -7*q + 2*q. List the prime factors of q.
2, 3, 7
Let z = -18 + 60. List the prime factors of z.
2, 3, 7
Let z = -133 + 191. List the prime factors of z.
2, 29
Suppose -j - 1 = j + 5*z, 0 = 5*z + 25. Let t = 0 - -6. Let v = j + t. What are the prime factors of v?
2, 3
Let f = 112 + -63. What are the prime factors of f?
7
Suppose 3*q - 147 = 4*b + 168, -5*q + 502 = b. What are the prime factors of q?
101
Let a(h) = 2*h**2. Let w be a(-2). List the prime factors of w/5 + (-8)/(-20).
2
Let j(l) = -14*l - 1. List the prime factors o